w) = 2*w**2 - 231*w + 3438. Calculate m(98).
8
Let b(t) = 446*t - 3221. Determine b(7).
-99
Let o(f) = -2*f**3 + 15*f**2 + 26*f - 94. What is o(8)?
50
Let v(w) = -w**3 + 17*w**2 + 169*w - 18. What is v(24)?
6
Let s(n) = -2*n**3 - 17*n**2 - 8*n + 44. Determine s(-9).
197
Let m(v) = 45*v**2 + 3*v - 10. Calculate m(-4).
698
Let b(n) = -2*n**2 - 32*n + 74. What is b(-18)?
2
Let w(t) = 11*t**2 + 172*t - 101. What is w(-16)?
-37
Let o(r) = -r**3 + 27*r**2 + 323*r + 28. Determine o(36).
-8
Let u(l) = 3408*l + 6837. Give u(-2).
21
Let v(f) = -f**2 + 77*f + 394. What is v(-5)?
-16
Let x(a) = 2*a**3 - 293*a**2 + 717*a + 254. What is x(144)?
-178
Let y(i) = -2*i**2 + 177*i - 843. Give y(5).
-8
Let k(r) = r**3 + 12*r**2 + 42*r + 40. Give k(-4).
0
Let a(y) = 21*y + 72. Determine a(-3).
9
Let s(u) = 410*u + 4102. Give s(-10).
2
Let r(c) = 40*c - 175. Calculate r(7).
105
Let s(p) = 2*p**3 - 276*p**2 + 3468*p + 489. Determine s(124).
-7
Let g(b) = 4*b**3 - 3*b**2 + 26*b - 22. Determine g(1).
5
Let g(n) = -317*n - 25354. Give g(-80).
6
Let d(j) = 14*j - 175. Determine d(24).
161
Let x(s) = 2*s**2 + 34*s - 11. Give x(-17).
-11
Let b(f) = -f**3 + 3*f**2 + 37*f - 141. Determine b(4).
-9
Let b(v) = -v**2 - 78*v - 781. Calculate b(-12).
11
Let h(u) = -313*u + 231. What is h(1)?
-82
Let o(v) = -v**2 - 36*v + 87. Give o(-6).
267
Let k(d) = d**2 - 1500*d + 11944. What is k(8)?
8
Let n(u) = u**3 + 4*u**2 - 4*u + 44. Determine n(-6).
-4
Let j(f) = -f**3 + 36*f**2 - 4*f + 204. What is j(36)?
60
Let j(u) = -65*u + 721. Give j(11).
6
Let v(y) = y**2 - 1613*y + 30294. Calculate v(19).
8
Let m(w) = -w**3 - 55*w**2 + 14*w + 657. Calculate m(-55).
-113
Let f(n) = -n**2 + 8*n - 25. Determine f(15).
-130
Let c(h) = 33*h**3 + h**2 + 2*h + 42. Determine c(0).
42
Let q(p) = 6*p**2 - 41*p + 186. Determine q(4).
118
Let d(c) = c**3 - 8*c**2 - 16*c + 36. What is d(10)?
76
Let r(k) = -5*k**3 - 33*k**2 + k + 72. Determine r(-6).
-42
Let j(s) = 116*s**2 - 16*s + 45. Calculate j(2).
477
Let c(i) = 417*i - 6805. What is c(16)?
-133
Let a(b) = b**3 - 6*b**2 - 3754*b + 18805. Give a(5).
10
Let z(j) = 4*j**2 + 61*j - 59. Determine z(1).
6
Let a(d) = -d**3 - 29*d**2 + 95*d - 34. Determine a(-32).
-2
Let o(j) = -j**3 + 25*j**2 + 52*j - 31. What is o(27)?
-85
Let m(s) = 3*s**2 - 6*s - 366. Give m(12).
-6
Let q(z) = -517*z + 138553. Calculate q(268).
-3
Let q(a) = -a**3 + 9*a**2 + 4*a + 26. Determine q(6).
158
Let k(u) = u**2 - 32*u + 267. Determine k(14).
15
Let l(p) = p**3 - 23*p**2 + 54*p - 44. Calculate l(20).
-164
Let p(m) = -16*m**2 + 1370*m + 1371. Calculate p(-1).
-15
Let c(l) = 1026*l - 45132. What is c(44)?
12
Let f(x) = x**3 - 7*x**2 - 11*x - 35. What is f(9)?
28
Let o(l) = -4*l**2 + 24*l - 8. Give o(4).
24
Let v(d) = d**2 + 12*d - 40. Give v(-19).
93
Let q(i) = -i**2 - 2*i + 13. Determine q(-4).
5
Let a(w) = w**2 + 110*w + 1123. Calculate a(-10).
123
Let k(c) = -101*c + 815. Give k(8).
7
Let d(f) = -11*f**2 + 45*f + 578. What is d(-11)?
-1248
Let a(z) = 27*z**2 - 456*z + 1059. What is a(14)?
-33
Let z(m) = m**2 - 117. What is z(-11)?
4
Let z(i) = -i**2 + 2251*i + 11274. Calculate z(-5).
-6
Let a(q) = -3*q**2 + 2*q + 290. Determine a(0).
290
Let a(s) = s**2 - 2764*s - 19397. Give a(-7).
0
Let q(t) = t**3 + 6*t**2 + t - 3. Give q(-7).
-59
Let u(b) = -9*b**2 + 11*b - 9. What is u(-3)?
-123
Let b(t) = 2*t**2 + 9*t - 263. What is b(-14)?
3
Let r(n) = 61*n**2 - n - 8. Calculate r(-2).
238
Let t(m) = -3*m**2 - 46*m + 293. Calculate t(-20).
13
Let h(q) = -6*q - 131. Give h(-25).
19
Let r(t) = t**2 - 281*t + 315. What is r(0)?
315
Let o(g) = g**3 - 60*g**2 + 697*g + 32. Calculate o(16).
-80
Let z(f) = 22*f - 4. What is z(4)?
84
Let f(u) = 121*u + 342. What is f(-3)?
-21
Let t(o) = 16*o - 153. Give t(15).
87
Let o(x) = 148*x - 98. What is o(3)?
346
Let c(v) = -v**3 - 14*v**2 + 19*v - 22. What is c(-15)?
-82
Let a(t) = 129*t - 24745. Give a(192).
23
Let n(l) = -2*l**2 + 16*l - 100. Give n(9).
-118
Let m(i) = 30*i**2 - 270*i + 2. What is m(9)?
2
Let m(q) = q**3 - 55*q**2 + 200*q + 201. Determine m(51).
-3
Let r(j) = -j**3 - 26*j**2 - 5*j - 183. Calculate r(-26).
-53
Let z(t) = -5*t**2 - 154*t + 197. What is z(-32)?
5
Let o(j) = -j**3 - 2*j**2 - 408*j - 2108. Calculate o(-5).
7
Let p(z) = 11*z - 30. Calculate p(-13).
-173
Let k(h) = -26*h - 1904. Determine k(-69).
-110
Let j(l) = -l**2 - 29*l + 493. Determine j(15).
-167
Let w(y) = -18*y - 521. Calculate w(-31).
37
Let j(k) = k**3 - 18*k**2 + 40*k + 41. Determine j(3).
26
Let a(z) = z**3 - 44*z**2 - 41*z - 184. What is a(45)?
-4
Let z(l) = -2*l**2 - 199*l - 500. Determine z(-97).
-15
Let a(t) = -7*t + 92. Calculate a(16).
-20
Let c(t) = -t**3 + 70*t**2 - t + 78. Determine c(70).
8
Let g(j) = j**3 + 278*j**2 + 1630*j - 538. Give g(-272).
6
Let n(v) = 28*v + 63. Calculate n(12).
399
Let l(j) = 17*j - 144. Give l(8).
-8
Let d(a) = -634*a - 40567. Determine d(-64).
9
Let n(y) = -y**3 + 49*y**2 - 514*y + 75. Determine n(15).
15
Let f(n) = -3*n**2 + 26*n - 1. What is f(1)?
22
Let t(y) = 28*y**2 + 576*y - 275. What is t(-21)?
-23
Let b(o) = -3*o**3 + o**2 + 39*o - 82. Give b(3).
-37
Let j(h) = 223*h + 10038. Calculate j(-45).
3
Let u(p) = -63*p + 1245. What is u(20)?
-15
Let n(w) = -w**3 - 8*w**2 - 26*w - 42. What is n(-7)?
91
Let j(r) = r**2 + 28*r - 367. What is j(-43)?
278
Let j(b) = 285*b**2 - 1424*b - 6. What is j(5)?
-1
Let y(s) = -11*s**2 - 18*s + 2. Give y(-5).
-183
Let b(m) = -258*m + 4131. Calculate b(16).
3
Let a(h) = 6*h**2 + 201*h + 202. Determine a(-1).
7
Let a(o) = -10*o + 39. Give a(11).
-71
Let u(q) = q**2 + 165*q - 6301. What is u(32)?
3
Let m(w) = 42*w - 270. Give m(9).
108
Let w(x) = 39*x + 784. Calculate w(-22).
-74
Let x(c) = -29*c + 14. Calculate x(-2).
72
Let m(y) = 34*y - 139. Determine m(6).
65
Let b(i) = -1089*i**2 + 5444*i + 3. What is b(5)?
-2
Let h(s) = -644*s - 10. Calculate h(0).
-10
Let s(p) = -57*p + 545. Determine s(8).
89
Let a(b) = -9*b**3 + 63*b**2 - 104*b + 43. Determine a(1).
-7
Let h(p) = -p**2 - 28*p - 42. Give h(-11).
145
Let u(s) = 5*s**2 + 232. What is u(0)?
232
Let h(m) = 4*m**2 + 34*m + 133. What is h(-11)?
243
Let v(n) = 3*n**2 - 53*n - 119. Determine v(19).
-43
Let d(y) = 4*y**3 + 4*y**2 - 8*y + 19. Determine d(3).
139
Let y(t) = -5*t**2 - 18*t - 5. Give y(-3).
4
Let z(d) = 3*d**3 + 5*d**2 - 2*d + 2. Determine z(1).
8
Let h(p) = -67*p + 9249. Determine h(138).
3
Let a(n) = 4*n**2 + 101*n + 122. Determine a(-24).
2
Let k(t) = -2*t**2 + 32*t + 171. What is k(17)?
137
Let k(p) = -p**3 + 15*p**2 - 4*p - 92. Determine k(14).
48
Let v(f) = -f**2 + 59*f - 1203. Determine v(28).
-335
Let t(r) = r**3 + 39*r**2 - 164*r + 327. Calculate t(-43).
-17
Let f(w) = -3*w**3 + 44*w**2 + 67*w - 38. Give f(16).
10
Let n(d) = 173*d - 321. Give n(3).
198
Let f(q) = -q**2 - 296*q - 5002. Give f(-18).
2
Let b(r) = r**3 - 22*r**2 + 65*r - 499. Determine b(20).
1
Let z(i) = 76*i - 525. Calculate z(7).
7
Let m(y) = 259*y + 1825. Determine m(-7).
12
Let h(m) = 49*m + 639. Determine h(-13).
2
Let c(o) = 3*o**2 + 319*o - 141. Determine c(-107).
73
Let a(v) = v**3 - 4*v**2 + 20*v - 123. Give a(5).
2
Let p(x) = x**3 + 23*x**2 + 14*x + 326. Determine p(-23).
4
Let q(n) = 28718*n + 315898. Give q(-11).
0
Let j(q) = -2*q**3 + 16*q**2 - 14*q - 11. Give j(5).
69
Let q(c) = -6*c**2 - 31*c - 18. Give q(-3).
21
Let i(l) = -21*l**3 - 215*l**2 - 50*l - 6. Determine i(-10).
-6
Let l(u) = -168*u - 1201. Give l(-9).
311
Let f(x) = 57*x - 7646. Calculate f(134).
-8
Let o(b) = 16*b**3 - b**2 - b + 1. Give o(1).
15
Let p(h) = 50*h + 3467. What is p(-70)?
-33
Let q(j) = -j**2 + 5*j + 79. What is q(10)?
29
Let s(v) = v**3 + 15*v**2 + 165*v + 2909. Give s(-16).
13
Let r(o) = 2*o**2 + o - 84. What is r(6)?
-6
Let m(z) = z**3 - 13*z**2 + 8*z + 300. Calculate m(-4).
-4
Let g(f) = -3*f**3 - 3*f**2 + 22*f + 94. Calculate g(-5).
284
Let h(w) = -2*w**2 + 85*w - 813. Determine h(28).
-1
Let r(d) = 4*d + 151. Calculate r(-29).
35
Let p(d) = 88*d - 796. Calculate p(9).
-4
Let d(b) = b**2 - 36*b + 280. Calculate d(31).
125
Let u(t) = -2*t**2 - 163*t + 2680. Give u(14).
6
Let j(k) = k**2 - 13*k + 149. Give j(31).
707
Let b(l) = -l**3 - 18*l**2 - 12*l + 103. Calculate b(-17).
18
Let j(m) = -37*m + 1878. Determine j(51).
-9
Let r(s) = -3*s**2 + 15*s + 260. Determine